) - -17.
2, 7
List the prime factors of 441/4 + (-19)/76.
2, 5, 11
Let f = -48 + 147. What are the prime factors of f?
3, 11
Suppose p - 91 = 8. List the prime factors of p.
3, 11
Let d = 8 - 52. Let q = d - -74. What are the prime factors of q?
2, 3, 5
Let w = 682 - 409. List the prime factors of w.
3, 7, 13
Suppose 298 = 5*l + 68. What are the prime factors of l?
2, 23
Suppose -4*y + l + 135 = 0, 2*l - 75 = -2*y + l. What are the prime factors of y?
5, 7
Suppose 4*g - 110 - 210 = 0. Let t = 7 + -2. Suppose 2*l = t*k + l - g, k = -3*l. What are the prime factors of k?
3, 5
Let l(h) = 2*h + 15. Let t = 6 + -6. What are the prime factors of l(t)?
3, 5
List the prime factors of -8 - -5 - (-75 - 2).
2, 37
Let i(r) = -r**2 + 4. Let k be i(0). Suppose m = 3*m, 40 = 5*c - k*m. List the prime factors of c.
2
Suppose -i - 2 = -2*i. Let r be (-6)/(-15)*1*10. Suppose -5*m + i = -2*n + 1, r*m - 12 = 0. List the prime factors of n.
7
Let o = -2 + -1. Let y be (-5)/(-3) - 1/o. Let v = 3 + y. List the prime factors of v.
5
Let d(b) = b**3 - 1. Let c(g) = 5*g**3 + 2*g**2 - 5. Let p(s) = c(s) - 4*d(s). What are the prime factors of p(1)?
2
Suppose 0*n + 2*n + 38 = 0. Let t = n - -29. List the prime factors of t.
2, 5
Let w(u) = u**3 - 11*u**2 - 3*u - 15. What are the prime factors of w(12)?
3, 31
What are the prime factors of 2/1 + 25 + -14?
13
Suppose 0 = 4*z - 0*z - 52. Let k = z + -11. What are the prime factors of k?
2
Suppose -11 = -3*l + 55. List the prime factors of l.
2, 11
Let m = 18 - -28. What are the prime factors of m?
2, 23
Let k = 27 - 4. Let s = k - 18. What are the prime factors of s?
5
Let w = 8 + 20. What are the prime factors of w?
2, 7
Let w = -41 - -62. Let d = w + 25. List the prime factors of d.
2, 23
Suppose 7*w - 4120 = -3*w. List the prime factors of w.
2, 103
Suppose -3*a - 3*n = -0*a - 18, -5*a = -5*n - 60. What are the prime factors of a?
3
Let a(l) = 2*l - 2. Let y be a(3). Let w(g) = y*g - 2*g**3 - 5*g - 1 - g**3. List the prime factors of w(-1).
3
Suppose 3*z - 9 - 3 = 0. What are the prime factors of z?
2
Suppose l + 2 = 2*v + 2*v, 2*v - 10 = 5*l. Suppose v = 3*g - 3*j + 3, 0 = -5*g - j - 1 - 4. Let q(m) = -12*m**3 - m - 1. List the prime factors of q(g).
2, 3
Let o = 118 - 65. List the prime factors of o.
53
Let x be 3/2 - 2/(-4). Let h = 2 - x. Suppose 0 = d + m - 5, h = -m + 4*m + 15. List the prime factors of d.
2, 5
Suppose -3*u = u - 36. List the prime factors of 1/(-3) - (-66)/u.
7
Suppose -5*l = i - 345, -5*l + 2*i + 64 = -281. What are the prime factors of l?
3, 23
Let h = 2 + 3. Suppose -3*w - h*f - 3 = 2, -5*w - 2*f + 17 = 0. What are the prime factors of w?
5
Let u(z) = -2*z - 5. Let j be u(5). Let x be ((-6)/j)/(2/40). Suppose m - 3*a + 40 = 6*m, m + 5*a - x = 0. What are the prime factors of m?
2
Suppose -3*o - 20 = -2*x, -2*o + 5*o = -4*x - 14. Let p = 11 + o. List the prime factors of p.
5
Suppose -r - z + 2*z = -3, 4*r = 3*z + 7. Let u be (r/(-4))/((-2)/(-24)). What are the prime factors of (u/(-4))/((-3)/16)?
2
Let j(c) = 5*c**3 + 1. List the prime factors of j(2).
41
Let j(h) = 22*h**2 + h. List the prime factors of j(-1).
3, 7
Suppose 0 = p + 5*d - 45, 4*p = 5*d - 3*d + 136. List the prime factors of p*(-2 - 14/(-5)).
2, 7
Suppose 11 = -2*k + 2*n + n, -k - 16 = 2*n. Suppose -3*d + 5*i - 45 = 0, 17 + 58 = -5*d + 3*i. What are the prime factors of 9/d + (-86)/k?
2
Let j be (-2)/(0 + 4/(-76)). Suppose -j = -2*s - 0*r - 4*r, -5*s - 3*r = -116. List the prime factors of s.
5
Let k(i) be the third derivative of i**4/24 + 3*i**3 - 4*i**2. List the prime factors of k(9).
3
Suppose -5*k = 6 - 21. Let y(u) = 0*u**k + u**3 + 5*u + 0*u**2 - 5*u**2 + 1 + 0. List the prime factors of y(4).
5
Let z = 0 - -6. Let i(g) = -g**3 - 9*g**2 - g + 7. Let a be i(-9). Let k = a - z. List the prime factors of k.
2, 5
Let q be (-2 - 2)/((-2)/1). Let u be (-102)/(-10) - q/10. What are the prime factors of ((-60)/25)/((-4)/u)?
2, 3
Let p(y) = -7*y + 15. What are the prime factors of p(-5)?
2, 5
List the prime factors of 144 + (190/45 - 4/18).
2, 37
Suppose 4*o + 239 = 5*q, -q + 259 = 4*q + o. What are the prime factors of (q/(-2))/((-18)/24)?
2, 17
Let c(p) = -p - 4. Let g be (-93)/7 - 4/(-14). List the prime factors of c(g).
3
Suppose -17 + 5 = 2*b. Let u = 10 + b. Suppose 5*q + 37 = g - 0*q, 0 = -u*q - 20. List the prime factors of g.
2, 3
Suppose -2*w + 0*w + 6 = 0. Suppose w*s = -5 + 56. What are the prime factors of s?
17
Let j(g) = -3*g**2 - 3*g - 4. Let p(f) = 2*f**2 + 4*f + 5. Let b(n) = -6*j(n) - 5*p(n). List the prime factors of b(-1).
3
Suppose 0 = -4*d - 4, -4*d - 4 = 2*k - 0. Suppose 3*c - 2*w - 2 = k, -3*c = -c - 3*w - 3. Suppose c = 3*z - 0*z - 27. What are the prime factors of z?
3
Let f = -229 - -155. What are the prime factors of (f/6)/((-1)/3)?
37
Suppose 139 = 4*a - 289. What are the prime factors of a?
107
Let n(x) = -19*x - 35. What are the prime factors of n(-9)?
2, 17
Suppose 4*g = 11*g - 2072. List the prime factors of g.
2, 37
Let h(p) = p + 140. Let j be h(0). Suppose 0 = 3*w + 5*n + 84, 0 = -2*w + 7*w - n + j. Let l = w + 41. What are the prime factors of l?
13
Let y be 0/(-1) - (0 - 2). Let i(d) = 2*d**3 - 4*d**2 + 4*d - 3. Let p be i(y). Let r = p - 2. List the prime factors of r.
3
Suppose 0 = -4*z + 18 - 6. Let o = -82 - -122. Suppose -m = z*m - o. What are the prime factors of m?
2, 5
Suppose -4*i - 12 = 0, 3*i = u - 0*i - 135. List the prime factors of u.
2, 3, 7
What are the prime factors of 83 - 4*((-12)/4)/(-12)?
2, 41
Suppose 0 = 4*f - 3*t - 123, 2 - 71 = -2*f - t. What are the prime factors of f?
3, 11
Let l = -16 + 6. Let v be (-1)/(-3) + 22/6. List the prime factors of 10 - (-5)/(l/v).
2
Let a = 20 - 20. Suppose a = 2*v - 0*v - 32. List the prime factors of v.
2
Suppose 25*j - 24*j - 50 = 0. What are the prime factors of j?
2, 5
Suppose -4*x = -3*u + 6 + 15, -2*x = -u + 5. What are the prime factors of u?
11
Let d(l) = l**3 + 7*l**2 + 2*l + 1. Let k be d(-7). Let n = 21 + k. What are the prime factors of n?
2
Suppose -3*s - 2*w + 2 = -0*w, s = 5*w + 29. Suppose -54 - 14 = -s*b. List the prime factors of b.
17
Let u(b) = -b**3 - 3*b**2 + 7*b. Let d be u(-6). Let p = d + -10. Suppose k = 5*k - p. List the prime factors of k.
2, 7
Let q be (-58)/(-5) - (-10)/25. Let k be (-2)/(-3)*q/8. List the prime factors of (-1 + -1 - -7)*k.
5
Let i = -346 - -627. What are the prime factors of i?
281
Let z be 1*(66/12)/(1/10). Suppose 2*q = -4*u + 8, -2*q - 19 + 0 = -5*u. Suppose u*k - z = -2*k. List the prime factors of k.
11
Let o(j) = -4*j - 4. What are the prime factors of o(-5)?
2
Let f(n) = -n**2 - n + 1. Let m be f(2). Let s(z) = z**2 + z - 6. What are the prime factors of s(m)?
2, 7
List the prime factors of (-5 - -9) + (0 + -2)*-44.
2, 23
Suppose -8 + 863 = 5*s. List the prime factors of s.
3, 19
Suppose 2*y - l - 12 = -3*l, -3*y - l + 22 = 0. Suppose -4*r - 3*q + 6 = -y*q, -2*r = -4*q. What are the prime factors of r?
2
Let u(x) = -x**2 - 8*x - 11. Let k be u(-5). Suppose -5*i = 5*j - 220, -k*i + 2*j = j - 156. List the prime factors of i.
2, 5
Let v(i) = -4*i + 3*i**3 - 4 + 2*i**2 - i**3 - i**3. Let x be v(-3). What are the prime factors of x - (-1)/((-2)/(-16))?
7
What are the prime factors of 6/(-9) + 170/3?
2, 7
Let u = 21 - -1. Suppose 5*p + 45 = -4*a, 15 = 2*p + 3*p. Let x = u + a. List the prime factors of x.
7
Suppose -r = n - 4 - 10, -4*r - 5*n + 59 = 0. Suppose 0 = 6*b - r*b + 115. List the prime factors of b.
23
Let z be 9*1/(-1 - -4). Let a be (-4 - z/3)/(-1). Suppose 3*g = -3*c + 24, 3*g + 2*c - 32 + a = 0. What are the prime factors of g?
11
Let o = 22 - 12. List the prime factors of (-2)/o + (-1088)/(-40).
3
Let q(n) = 2*n**2 + 5*n - 6. What are the prime factors of q(3)?
3
Suppose -2*k = z - 3*k - 2, -2 = 3*z + k. Suppose z = -2*y - 12 - 0. Let s = 0 - y. List the prime factors of s.
2, 3
Let s be 4*((-15)/(-4) + -2). Suppose s = c - 5. What are the prime factors of c?
2, 3
Suppose -5*o - 83 - 92 = 0. List the prime factors of 80/14*o/(-10).
2, 5
Let o be -2*(-2)/(-8)*-6. List the prime factors of -1 - (o - (16 - -2)).
2, 7
Suppose 2*r - p - 18 = p, 5*p = -2*r - 17. Suppose 0*c + 56 = 3*c + k, -4 = r*k. List the prime factors of c.
19
Let j = -29 + 83. List the prime factors of j